 - 2*t + 32. Calculate the remainder when t is divided by 3/(280/50 + -5).
3
Let n(s) = s**3 + s**2 + 3*s + 3. Let g be n(3). Suppose g = 16*v - 13*v. Suppose -5*b = -v - 14. Calculate the remainder when b is divided by 3.
0
Let o(d) = -d + 22. What is the remainder when 109 is divided by o(-6)?
25
Suppose -134 = -4*n - 2*p, -75*n = -79*n - 3*p + 139. What is the remainder when 120 is divided by n?
27
Let q(i) = i**3 - 7*i**2 - 5. Suppose -n - x + 6 = 0, -2*x - 12 = -3*n + 16. What is the remainder when q(n) is divided by 30?
29
Suppose -4*d = 3*z - 437, 0*z - 5*z = 4*d - 731. Suppose z = 3*n + 12. What is the remainder when n is divided by ((-1)/(-2))/(2*1/92)?
22
Let m(b) = b**2 + 3*b. Suppose 5*h = 2*l - 11, h = -3*l + 30 - 5. What is the remainder when m(4) is divided by l?
4
Suppose 3*a - 1342 = -5*p + 2625, 16 = 4*a. Let c = p + -487. Calculate the remainder when c is divided by 51.
49
Suppose 8*n = 3*n + 225. Let q be (-2)/3 - (-220)/(-12). Let s = -7 - q. What is the remainder when n is divided by s?
9
Let c = -39 + 74. What is the remainder when 382 is divided by c?
32
Let l = 0 + 2. Let b = -1999 - -2003. Suppose 0 = b*d - l*d - 82. What is the remainder when d is divided by 6?
5
Let v = -287 + 436. Calculate the remainder when v is divided by 6.
5
Let c = -5 - -1. Let x be 16/6*27/c. What is the remainder when (-454)/x + 2/(-9) is divided by 14?
11
Let h(l) = 2*l**2 + l + 1. Let s(j) = -j**2 - 6*j + 3. Let i be s(-6). Suppose -i*x = x - 8. Calculate the remainder when h(-2) is divided by x.
1
Let m = 1659 - 1573. What is the remainder when m is divided by 30?
26
Suppose 202 = 4*d + q - 62, 4*q = -3*d + 198. Let f = 95 - d. What is the remainder when f is divided by 8?
5
Let z be 112/(-12)*(-36)/16. Let q = 1 + z. Calculate the remainder when 61 is divided by q.
17
Let g be (-96)/10 + (-14)/35. Let y(o) = -o - 10. Let z be y(g). Let q = z + 25. What is the remainder when 49 is divided by q?
24
Suppose 0*u - 5*u + 95 = 0. Let j(o) = o**2 + 27*o**3 - 10*o**2 - 16*o - 26*o**3 + 2*o - 14. Calculate the remainder when j(11) is divided by u.
17
Suppose -2*p = -2*f - 50, -3*p + 4*p - 5*f = 17. Let x be ((-228)/(-5))/6 + 2/5. Suppose x*c - 100 = -2*c. What is the remainder when p is divided by c?
7
Suppose 0 = -2*r - w + 9, 0 = 2*r + 5*w - 8 - 5. What is the remainder when r + (20/(-5) - -22) is divided by (2 - 3)*21/(-3)?
1
Let w be (-3 - (-2 + 4))*-1. Suppose 0 = w*n - 2 - 13. What is the remainder when 9 is divided by n?
0
Suppose -l - 2*c = -3, 3*c = l - 0*c - 3. Let h = 5 + 19. Suppose a = -2*a + h. What is the remainder when a is divided by l?
2
Let f = 18 + -34. What is the remainder when 32 is divided by 2 + -4 + 4 - f?
14
Let j(s) = -s**3 + 7*s**2 - s + 3. Let o = 16 - -2. Calculate the remainder when j(5) is divided by o.
12
Suppose -o - 14 = 5*d - 2*o, -4*d + 2*o = 10. Let r = 18 + d. What is the remainder when 103 is divided by r?
13
Let x = -14 + 63. What is the remainder when x is divided by 23?
3
Suppose 6*c = -6*c + 36. Suppose 0 = -q - 3*q. Suppose -5*j = x - q*x + 4, c*j = -4*x + 69. What is the remainder when x is divided by 6?
3
Let x = 41 - 30. Suppose x*b + 229 = 1241. Calculate the remainder when b is divided by (-1 + 0)*-1*19.
16
What is the remainder when 3037 is divided by (5/((-100)/152))/((-20)/50)?
16
Suppose y = -5*y - 12. Let h(i) = -16*i + 1. Calculate the remainder when h(-1) is divided by (1 + (-10)/4)/(y/12).
8
Let d be (-1 - -4)*32/12. Calculate the remainder when 102/2*d/24 is divided by 5.
2
Let c = 1811 + -1804. What is the remainder when 682 is divided by c?
3
Let z(u) = 5*u**2 + 2*u - 3. Suppose 0 = -d - 45 + 136. Suppose 5*k - 13 = 2*l - 4*l, -3*k = -4*l + d. What is the remainder when z(-3) is divided by l?
17
Let q = 180 - 159. What is the remainder when 60 is divided by q?
18
Let v be (-38)/(-171) - 104/(-18). Suppose -v*o + 42 = -3*o. Calculate the remainder when 55 is divided by o.
13
Calculate the remainder when 244 is divided by ((-7 - -176)/(-13))/(0 - 1).
10
Let s = -12 + 17. Suppose 0 = -5*r - 4*x + 587, s*r + 5*x - 399 - 191 = 0. Suppose 4*t - r = -f, t - f - 3*f = 33. What is the remainder when t is divided by 6?
5
Let h = 2 - 2. Let y(k) = k**3 - k + 122. Suppose 0 = -5*n + 4*w + 151, -66 = -2*n + 5*w - 9*w. Calculate the remainder when y(h) is divided by n.
29
Suppose -4*k = -38 + 2. Suppose -21*l + 22 = -32*l. Let j = 19 + l. Calculate the remainder when j is divided by k.
8
Let c(o) = -o**3 + 26*o**2 - 75*o + 15. Calculate the remainder when c(14) is divided by 44.
41
Let q = -121 - -319. Let f = q - 75. Calculate the remainder when f is divided by 21.
18
Let q = -112 - -114. Suppose -5*i - q*w + 757 = -w, 4*i + 5*w - 593 = 0. What is the remainder when i is divided by 31?
28
Suppose -9 = 3*a, -4*z - 3*a - 9 = -0*a. Suppose z = i + 4*i - 15. Suppose 2*m - 28 = -i*w + 61, 15 = 3*w. Calculate the remainder when m is divided by 13.
11
Let y(p) = -5*p + 114. What is the remainder when y(9) is divided by 15?
9
Let a(s) = -37*s + 2. Let z(b) = -4*b**2 - 2*b - 2. Let k be z(-1). Let j be -3 + 6*k/(-12). What is the remainder when a(j) is divided by 20?
19
Calculate the remainder when (-6)/5*(-39840)/36 is divided by 38.
36
Suppose -8 - 7 = 3*q, -q + 101 = 2*y. Calculate the remainder when y is divided by ((-56)/10)/((-10)/25).
11
Suppose -2*o + 0 = -18. Let z = 18 + o. Let g = 46 - z. What is the remainder when 34 is divided by g?
15
Suppose -3*w = 3*r - 504, 0 = 4*r - r. Calculate the remainder when w is divided by 58.
52
Suppose n + 39 = 14*n. Suppose 0 = -n*y - 5*u + 218, -y - u = -6*u - 106. Calculate the remainder when y is divided by (42/(-18))/((-2)/18).
18
Suppose 2*c - 10 = -0*c. Let u(q) = -10 + 3*q + q**2 - 8 - 14*q. What is the remainder when u(13) is divided by c?
3
Let x = 16 + 13. Suppose -5*z - 3*i + 475 = -z, -i - 570 = -5*z. Calculate the remainder when z is divided by x.
28
Let f be (8/7)/(18/63). Suppose 2*h = -2*h + f. Calculate the remainder when 5 is divided by h.
0
Let x(a) = -3*a - 10. Let v be x(-5). Suppose -v*o + 310 - 5 = 0. What is the remainder when o is divided by 16?
13
Suppose 2*w - 4*w + 2*d = -2, w + 5*d = -23. Calculate the remainder when 17 is divided by w*2/(-3)*(-27)/(-6).
8
Suppose -15*z = 2410 - 3625. What is the remainder when z is divided by 26?
3
Let s = -13 + 15. Suppose u - s*z = -u, 2*z = u. Suppose -3*v + u*v - 4*n = -48, n = -3. What is the remainder when 59 is divided by v?
19
Let x be -2*2/(8/(-18)). Suppose -2*c = 4*r + 1 + 3, r = -3*c + x. What is the remainder when 22 is divided by c?
2
Let v be (-2)/3 + (-8535)/(-45). Suppose v = 6*l + l. Calculate the remainder when l is divided by 7.
6
Let l = 213 - 147. Calculate the remainder when 121 is divided by l.
55
Let n(p) = p**2 + p + 7. Let b be n(5). Suppose 0 = -c + g + 25, -4*g = 2*c + b - 87. What is the remainder when (1*-2)/(4/(-98)) is divided by c?
24
Suppose -3*i = -i - 202. Let a(m) = -3*m - 12. Let d be a(-6). Suppose -9*p + d*p = 15, -p + 47 = 2*f. Calculate the remainder when i is divided by f.
23
Let o = 117 + -115. Suppose 0 = -3*d - 4*r + 171, -14*d + 11*d + 189 = -o*r. Calculate the remainder when d is divided by 9.
7
Suppose 10*b = -3*b + 299. What is the remainder when b is divided by 7?
2
Let v = 42 + -53. Let p(c) = -14*c - 16. What is the remainder when p(v) is divided by 47?
44
Calculate the remainder when 15/((-75)/(-70)) + 0 is divided by 4.
2
Suppose -816 = 12*a - 28*a. Calculate the remainder when 2141 is divided by a.
50
Let f = 1 - -298. Calculate the remainder when f is divided by 60.
59
Let k = -24 - -52. Suppose -7 = -3*o + 23. What is the remainder when k is divided by o?
8
Let v = 664 + -654. Calculate the remainder when 49 is divided by v.
9
Let t(a) = a**2 + 2*a - 52. What is the remainder when t(17) is divided by 17?
16
Let g(s) = s**3 + 4*s**2 + 3*s + 3. Let b be g(-3). Suppose 4*k = 4*z + 128, 93 = 6*k - 2*k + b*z. Calculate the remainder when 79 is divided by k.
25
Let n = 61 - 59. Suppose n*x - 3*x = y - 52, 4*y - 196 = 2*x. Calculate the remainder when y is divided by 14.
8
Let d(z) = z**2 + z - 57. Calculate the remainder when d(-9) is divided by 12.
3
Suppose -4*w = 5*r + 2 + 11, -w - 22 = 5*r. Suppose w*v + 4*l = -l + 32, -4*l = 3*v - 31. Ca